. Calculate n(-3).
-135
Let s(d) = d**3 - 4*d**2 + 182*d - 2425. Calculate s(10).
-5
Let h(p) = -p**2 + 43*p - 332. Give h(27).
100
Let k(i) = -12*i**3 + 68*i**2 + 9*i + 35. Calculate k(6).
-55
Let r(z) = 233*z + 6260. Calculate r(-27).
-31
Let d(o) = -o**2 - 20*o - 3. Give d(-13).
88
Let z(b) = 2*b**3 + 51*b**2 - 43*b - 151. Calculate z(-26).
291
Let k(d) = 305*d - 580. Calculate k(2).
30
Let w(i) = -42*i - 233. Determine w(-6).
19
Let j(v) = -2208*v - 33120. Calculate j(-15).
0
Let x(m) = 2*m**2 + 20*m - 540. Give x(12).
-12
Let t(j) = 539*j - 4841. Determine t(9).
10
Let j(g) = g**3 - 7*g**2 - 70*g - 56. What is j(-5)?
-6
Let t(d) = -4505*d - 27033. Determine t(-6).
-3
Let g(k) = -k**3 - 22*k**2 + 241*k - 11. Determine g(-30).
-41
Let a(x) = -3*x**3 + 15*x**2 + 56*x - 246. Calculate a(6).
-18
Let c(a) = 9*a**3 - 38*a**2 - 16*a + 32. Give c(5).
127
Let f(x) = -22*x + 18. Calculate f(3).
-48
Let d(h) = 2*h**3 + 51*h**2 - 36*h - 26. Calculate d(-26).
234
Let s(r) = 4*r + 2. Calculate s(-3).
-10
Let j(q) = 109*q + 50. Calculate j(1).
159
Let h(w) = w**2 - 174*w - 2628. What is h(-14)?
4
Let y(u) = -83*u + 6532. Calculate y(79).
-25
Let n(b) = 4*b**3 + 26*b**2 + 17*b + 40. Give n(-5).
105
Let q(u) = 1315*u - 51. Calculate q(0).
-51
Let y(v) = v**3 + 107*v**2 - 799*v - 103. Calculate y(-114).
11
Let r(p) = -p**2 + 26*p - 114. Calculate r(7).
19
Let p(x) = -2*x**3 - 56*x**2 + x - 61. What is p(-28)?
-89
Let f(r) = -r**3 - 6*r**2 + 26*r + 21. Give f(-6).
-135
Let a(w) = 1697*w - 3404. Determine a(2).
-10
Let r(s) = -2*s**2 + 108*s - 796. Give r(45).
14
Let y(z) = 99*z + 4455. Determine y(-45).
0
Let b(t) = t**3 + 15*t**2 - 3*t + 220. Give b(-16).
12
Let a(y) = 2*y**3 - 239*y**2 + 1372*y - 35. Determine a(6).
25
Let o(g) = g**3 + 60*g**2 + 117*g + 75. What is o(-58)?
17
Let h(d) = -272*d - 561. What is h(-2)?
-17
Let i(p) = -271*p + 1078. Give i(4).
-6
Let j(n) = -2*n**3 + 4*n**2 - 7*n - 19. What is j(-3)?
92
Let v(z) = -z**3 + 6*z**2 + 9*z - 98. Determine v(4).
-30
Let k(m) = 822*m - 5591. Give k(7).
163
Let v(j) = -111*j - 494. Calculate v(-3).
-161
Let i(r) = 41*r - 453. Determine i(-13).
-986
Let u(r) = -25*r**2 - 196*r + 24. Give u(-7).
171
Let j(y) = -y**3 - 35*y**2 - 145*y + 9. Give j(-8).
-559
Let f(l) = -109*l - 6215. Calculate f(-57).
-2
Let d(m) = -135*m - 868. Calculate d(-10).
482
Let p(u) = 2*u**2 - 183*u - 2014. Give p(-10).
16
Let s(u) = -u**2 - 9*u - 12. Give s(8).
-148
Let j(b) = 9*b**2 + 68*b + 69. What is j(-6)?
-15
Let j(u) = -u**3 + 18*u**2 - 33*u - 465. What is j(10)?
5
Let i(m) = 23*m**3 + 3*m**2 + 605*m - 608. What is i(1)?
23
Let b(p) = 71*p - 4586. Determine b(67).
171
Let n(z) = -215*z + 609. Calculate n(3).
-36
Let h(i) = -7*i**2 + 89*i - 10. Calculate h(13).
-36
Let k(c) = 2*c**3 - 8*c**2 - 23*c - 6. What is k(6)?
0
Let o(b) = 5*b**2 + 19*b + 34. Calculate o(-2).
16
Let m(s) = -3*s**2 + 448*s - 1034. Determine m(147).
-5
Let z(f) = -8*f**3 - 49*f**2 - 32*f - 159. Calculate z(-6).
-3
Let o(g) = -2*g**3 - 44*g**2 + 50*g + 93. Calculate o(-23).
1
Let d(v) = 15*v**2 + 11*v + 10. What is d(-2)?
48
Let l(j) = -5*j**3 + 29*j**2 + 13*j - 30. Determine l(6).
12
Let y(n) = -n**2 + 9*n + 37. Determine y(-4).
-15
Let k(v) = v**2 + 4*v - 325. Give k(15).
-40
Let c(l) = l**2 - 20*l + 19. Give c(24).
115
Let q(s) = -s**3 - 17*s**2 + 5*s + 38. Determine q(-17).
-47
Let w(m) = 2*m**3 + 341*m**2 - 168*m + 526. Give w(-171).
13
Let n(a) = -a**3 - 3*a**2 + 42*a + 26. What is n(-8)?
10
Let b(o) = 222*o - 4920. Give b(22).
-36
Let g(t) = -5*t**2 + 6*t - 3. Give g(1).
-2
Let t(z) = 2*z**2 - 477*z + 3753. Calculate t(8).
65
Let b(c) = -3313*c - 3295. Calculate b(-1).
18
Let o(x) = x**3 - 15*x**2 + 62*x - 29. Determine o(11).
169
Let l(c) = 157*c - 972. What is l(6)?
-30
Let u(k) = k**3 - 2*k**2 - 26*k - 11. Give u(6).
-23
Let i(x) = -x**2 - 85*x - 1585. Give i(-60).
-85
Let z(h) = h**2 + 38*h - 315. Give z(7).
0
Let j(h) = 238*h + 132. What is j(-1)?
-106
Let q(k) = 71*k + 945. What is q(-13)?
22
Let q(g) = -271*g - 5958. What is q(-22)?
4
Let n(a) = -a**2 + 6*a + 4. Determine n(2).
12
Let c(o) = -o**3 + 7*o**2 - 30*o + 207. Give c(7).
-3
Let u(w) = w**3 + 358*w**2 + 7395*w + 997. Determine u(-336).
-11
Let c(f) = -52*f - 286. What is c(-7)?
78
Let j(p) = 5*p**3 - 23*p**2 + 48*p - 246. Calculate j(5).
44
Let o(v) = -v**3 - 45*v**2 + 3*v + 114. Determine o(-45).
-21
Let r(x) = -x**3 + x**2 + 166*x + 139. Give r(-12).
19
Let m(h) = -96*h**2 - 95*h + 4. What is m(-1)?
3
Let g(a) = -166*a**2 + 165*a + 1. What is g(1)?
0
Let w(h) = 34*h**2 + 414*h + 76. What is w(-12)?
4
Let t(g) = -4*g**2 + 186*g + 489. Determine t(49).
-1
Let d(j) = 101*j**2 + 17*j + 6. What is d(-3)?
864
Let i(d) = 3*d**2 - 160*d + 830. Give i(5).
105
Let g(m) = 73*m - 321. Calculate g(4).
-29
Let h(z) = 7*z**2 + 69*z - 534. What is h(-15)?
6
Let p(k) = 54*k**2 - 6*k - 4. Determine p(-1).
56
Let m(g) = -g**3 + 93*g**2 + 94*g - 8728. Calculate m(93).
14
Let n(h) = -5*h**3 + 2*h**2 + 102*h - 203. Determine n(2).
-31
Let j(x) = 4*x**2 - 340*x - 345. Give j(86).
-1
Let r(g) = -118*g - 819. What is r(-7)?
7
Let g(y) = 3*y**3 + 276*y**2 - y - 115. Determine g(-92).
-23
Let v(w) = -815*w - 26900. What is v(-33)?
-5
Let l(k) = k**3 + 94*k**2 - 197*k - 451. Give l(-96).
29
Let f(p) = 2*p**2 + 31*p + 19. Calculate f(-13).
-46
Let i(h) = -h + 571. Give i(30).
541
Let m(z) = 321*z + 1710. Determine m(-6).
-216
Let f(c) = -73*c + 293. Determine f(5).
-72
Let b(v) = v**3 - 359*v**2 + 1790*v - 7075. Determine b(354).
5
Let k(q) = -4*q**2 - 223*q + 66. Calculate k(-55).
231
Let b(n) = -88*n - 412. Calculate b(0).
-412
Let h(y) = -148*y + 1428. Determine h(10).
-52
Let n(s) = -2*s**3 - 7*s**2 - 22*s - 192. Calculate n(-5).
-7
Let z(q) = -8*q + 480. What is z(62)?
-16
Let p(f) = 566*f - 4523. Determine p(8).
5
Let h(k) = 15*k**3 + 10*k**2 + 16*k - 6. What is h(-2)?
-118
Let j(i) = 600*i - 43. Determine j(1).
557
Let d(z) = -288*z - 834. Give d(-3).
30
Let c(n) = -609*n - 6029. Determine c(-10).
61
Let d(i) = 2*i**2 - 30*i - 325. Determine d(22).
-17
Let u(f) = 369*f - 21030. Determine u(57).
3
Let q(p) = -475*p - 8475. Determine q(-18).
75
Let c(k) = -2299*k + 20700. Calculate c(9).
9
Let l(u) = -u**3 - 9*u**2 - 764*u - 4488. Give l(-6).
-12
Let c(i) = i**3 - 17*i**2 + 37*i - 20. Give c(11).
-339
Let g(q) = 223*q - 5964. Give g(27).
57
Let l(b) = -130*b + 1126. Calculate l(10).
-174
Let j(k) = k**3 + 12*k**2 - 4*k - 21. Give j(-13).
-138
Let t(s) = -2*s - 121. Calculate t(-3).
-115
Let o(k) = 2*k**2 - 3159*k + 18929. Determine o(6).
47
Let b(a) = -121*a**2 + 954*a + 106. Determine b(8).
-6
Let j(w) = -w**3 - 11*w**2 - 4*w + 52. Give j(-10).
-8
Let d(n) = -3*n**2 + 86*n + 123. Determine d(29).
94
Let a(x) = -349*x - 9448. Determine a(-27).
-25
Let h(f) = 3322*f - 10023. What is h(3)?
-57
Let i(q) = -q**3 + 96*q**2 + 202*q - 589. What is i(98)?
-1
Let k(h) = -2*h**3 - 24*h**2 + 15*h - 4. Calculate k(-14).
570
Let a(d) = -d**3 + 5*d**2 - 10*d + 80. Give a(8).
-192
Let m(d) = -d**3 + 9*d**2 + 31*d - 79. Give m(10).
131
Let j(l) = 200*l**2 - 346*l - 65. Determine j(2).
43
Let y(z) = -8*z**2 - 749*z + 7392. Determine y(9).
3
Let o(b) = -2*b**3 + 26*b**2 - 6*b + 37. Determine o(9).
631
Let l(u) = 31*u + 3567. What is l(-116)?
-29
Let b(h) = -h**2 - 170*h + 1429. Calculate b(8).
5
Let r(q) = 38*q - 289. Give r(8).
15
Let n(t) = 3*t**2 - 74*t - 90. Calculate n(26).
14
Let a(m) = -3743*m + 29934. Calculate a(8).
-10
Let u(i) = 8*i**2 + 18*i - 151. Give u(-7).
115
Let h(n) = n**3 - 12*n**2 + 10*n + 39. Give h(10).
-61
Let v(m) = 3*m**2 + 66*m - 22. Calculate v(-23).
47
Let r(a) = 45*a**2 - 357*a - 67. What is r(8)?
-43
Let y(q) = q**3 - 4*q**2 + 6*q - 17. Determine y(4).
7
Let n(q) = -18301*q - 292812. Calculate n(-16).
4
Let j(k) = k**2 + 1193*k + 11842. Calculate j(-10).
12
Let h(o) = -2*o**3 + 167*o**2 - 90*o + 578. What is h(83)?
-3
Let u(t) = 5*t**3 - 224*t**2 - 47*t + 99. Calculate u(45).
9
Let r(u) = 4761*u + 9624. Determine r(-2).
102
Let u(x) = 32*x**2 + 170*x - 4. Give u(-5).
-54
Let h(n) = -3*n + 286. Give h(26).
208
Let h(r) = -99*r + 4262. Calculate h(43).
5
Let k(y) = 7*y**2 - 260*y + 772. Give k(3).
55
Let m(t) = t**2 - 6*t + 18. Give m(7).
25
Let r(a) = 89*a - 17597. What is r(198)?
25
